{"version":"1.0","provider_name":"Celta","provider_url":"https:\/\/rccelta.es\/gl\/","author_name":"Laura Vecino","author_url":"https:\/\/rccelta.es\/gl\/author\/lvecino\/","title":"Teixugos Celestes, 10 anos de celtismo incondicional | Celta","type":"rich","width":600,"height":338,"html":"<blockquote class=\"wp-embedded-content\"><a href=\"https:\/\/rccelta.es\/gl\/club\/actualidad\/teixugoscelestes-10\/\">Teixugos Celestes, 10 anos de celtismo incondicional<\/a><\/blockquote>\n<script type='text\/javascript'>\n<!--\/\/--><![CDATA[\/\/><!--\n\t\t\/*! This file is auto-generated *\/\n\t\t!function(d,l){\"use strict\";var e=!1,o=!1;if(l.querySelector)if(d.addEventListener)e=!0;if(d.wp=d.wp||{},!d.wp.receiveEmbedMessage)if(d.wp.receiveEmbedMessage=function(e){var t=e.data;if(t)if(t.secret||t.message||t.value)if(!\/[^a-zA-Z0-9]\/.test(t.secret)){var r,a,i,s,n,o=l.querySelectorAll('iframe[data-secret=\"'+t.secret+'\"]'),c=l.querySelectorAll('blockquote[data-secret=\"'+t.secret+'\"]');for(r=0;r<c.length;r++)c[r].style.display=\"none\";for(r=0;r<o.length;r++)if(a=o[r],e.source===a.contentWindow){if(a.removeAttribute(\"style\"),\"height\"===t.message){if(1e3<(i=parseInt(t.value,10)))i=1e3;else if(~~i<200)i=200;a.height=i}if(\"link\"===t.message)if(s=l.createElement(\"a\"),n=l.createElement(\"a\"),s.href=a.getAttribute(\"src\"),n.href=t.value,n.host===s.host)if(l.activeElement===a)d.top.location.href=t.value}}},e)d.addEventListener(\"message\",d.wp.receiveEmbedMessage,!1),l.addEventListener(\"DOMContentLoaded\",t,!1),d.addEventListener(\"load\",t,!1);function t(){if(!o){o=!0;var e,t,r,a,i=-1!==navigator.appVersion.indexOf(\"MSIE 10\"),s=!!navigator.userAgent.match(\/Trident.*rv:11\\.\/),n=l.querySelectorAll(\"iframe.wp-embedded-content\");for(t=0;t<n.length;t++){if(!(r=n[t]).getAttribute(\"data-secret\"))a=Math.random().toString(36).substr(2,10),r.src+=\"#?secret=\"+a,r.setAttribute(\"data-secret\",a);if(i||s)(e=r.cloneNode(!0)).removeAttribute(\"security\"),r.parentNode.replaceChild(e,r)}}}}(window,document);\n\/\/--><!]]>\n<\/script><iframe sandbox=\"allow-scripts\" security=\"restricted\" src=\"https:\/\/rccelta.es\/gl\/club\/actualidad\/teixugoscelestes-10\/embed\/\" width=\"600\" height=\"338\" title=\"&#8220;Teixugos Celestes, 10 anos de celtismo incondicional&#8221; &#8212; Celta\" frameborder=\"0\" marginwidth=\"0\" marginheight=\"0\" scrolling=\"no\" class=\"wp-embedded-content\"><\/iframe>","thumbnail_url":"https:\/\/rccelta.es\/app\/uploads\/2021\/06\/ESCUDO-1300x400-02.jpg","thumbnail_width":1300,"thumbnail_height":400,"description":"A pe\u00f1a celtista aldanesa Teixugos Celestes celebrou onte, 12 de setembro, os seus primeiros dez anos de vida xunto aos xogadores do primeiro equipo do RC Celta Iv\u00e1n Villar, tam\u00e9n orixinario de Ald\u00e1n, e Manu S\u00e1nchez. Na celebraci\u00f3n que homenaxeaba a primeira d\u00e9cada da agrupaci\u00f3n celtista, tam\u00e9n estiveron presentes o vicepresidente celeste Pedro Pousada e &hellip; Continuaci\u00f3n"}

A peña celtista aldanesa Teixugos Celestes celebrou onte, 12 de setembro, os seus primeiros dez anos de vida xunto aos xogadores do primeiro equipo do RC Celta Iván Villar, tamén orixinario de Aldán, e Manu Sánchez. Na celebración que homenaxeaba a primeira década da agrupación celtista, tamén estiveron presentes o vicepresidente celeste Pedro Pousada e &hellip; Continuación
